 - 1).
5
Calculate -4 + 4 + 4 + -1.
3
What is -4 + (-9 - -16) + 3?
6
What is -19 + 19 + -9 + 1?
-8
(-5 - (-3 + -5)) + -7
-4
6 + (-3 - 0) + -3
0
-3 - ((6 - 14) + -1)
6
Evaluate -11 + 2 - -8 - (3 + -2).
-2
What is the value of 0 + (6 + 0 - (30 + -24))?
0
Evaluate -1 - 4 - (-5 - (-10 - -6)).
-4
Evaluate (-2 - -9) + (-16 - -15).
6
Calculate -13 + 2 + 3 - -4.
-4
Evaluate (5 - (2 - -6)) + -1 + 3.
-1
What is the value of (1 + (-1 - -2) - -1) + 1?
4
What is (14 + -6 - 5) + 0 + 2?
5
(-7 + 0 - -4) + (0 - 2)
-5
Calculate (9 - 4) + 1 - (2 + 1).
3
2 + (-5 - -6) - 2
1
Calculate 24 - 24 - (0 + -1).
1
Calculate 6 + (-5 - (4 - 5)).
2
Evaluate (0 - (4 - 4)) + -4.
-4
Calculate (0 - -1) + (4 - (2 + 1)).
2
Calculate 12 - (6 + 9) - (-2 + 1).
-2
Evaluate 4 - (0 + 1 + 2).
1
Calculate 3 + -6 - (1 - (7 - -2)).
5
Calculate 1 + 3 - (5 + 7 - 4).
-4
-4 - -8 - (-1 - -4)
1
Calculate -1 + 2 + 4 + 7 + -14.
-2
Evaluate -5 + 5 + (0 - (-1 + 4)).
-3
What is the value of -59 - -60 - (5 - (0 - 2))?
-6
Evaluate (-2 + -1 - 0) + (44 - 31).
10
8 + (-1 - (3 + 0 + 0))
4
What is the value of -3 + (3 - (2 + 0)) + 2?
0
(-10 - -9) + (0 - (-1 - 0))
0
Evaluate -3 + 2 - (2 + -3 + -1).
1
3 + -1 + (6 - 6)
2
What is 1 + (-5 - -1) - -4?
1
Evaluate 5 - (4 + 0 + -4) - 0.
5
Calculate 38 + -41 - (-1 - -1 - 7).
4
Evaluate (-11 - -12) + -3 + 0.
-2
What is (-13 - -12) + (-4 - 0)?
-5
Evaluate -6 - (7 + (-25 - (-6 + 1))).
7
Evaluate (3 - -1) + -6 + 7.
5
Evaluate -5 - (-3 - (-6 + (8 - 4))).
-4
What is 7 + (-2 - (10 + (0 - 3)))?
-2
What is -3 + 2 - ((-8 - 1) + 8)?
0
What is 3 + -2 - (14 + -9)?
-4
What is (5 - -1) + -14 + 5?
-3
-4 + (13 - (-7 + 5 - -6))
5
What is -6 - (0 + -5) - 4?
-5
What is -1 + 3 - (-10 - -7 - -2)?
3
What is the value of -1 + (0 - -2) + 1 + 2?
4
Calculate (4 - 0) + 2 + -24 + 8.
-10
Evaluate (-1 - 9) + -73 + 81.
-2
What is 1 - (-2 + (4 - 3) + 1)?
1
Evaluate 4 + 1 + 5 + -9.
1
22 + -18 - (5 - -1)
-2
Evaluate (-5 - -12) + 3 + -10.
0
Evaluate 8 + 0 - (-14 + 22).
0
Evaluate -12 + (-7 - -2) + 12.
-5
What is 1 + 3 + (51 - 50)?
5
Evaluate (-4 + 12 - 4) + -4.
0
What is the value of (-5 - -3) + 0 - -1?
-1
Calculate (-168 - -169) + (-2 - (-4 + -1)).
4
(-24 - -22) + (1 + -1 - -6)
4
0 - ((-4 - -7) + -4 + 5)
-4
Calculate 3 + -4 - -8 - (-1 - -9).
-1
Evaluate 2 + 2 + 14 + -23.
-5
(-3 - -10) + -3 - 5
-1
Evaluate -16 + 5 - (-7 - (-1 + -3)).
-8
What is -9 - (-2 + (4 - 8) + 6)?
-9
(3 - 3) + -1 - 4
-5
What is the value of -4 + 0 + (-5 - -4 - -8)?
3
-26 + 28 - (-1 - 0 - -4)
-1
-28 - -29 - (0 + 6)
-5
What is -1 + 2 - (-11 + 12)?
0
Calculate 7 - (6 + -5 + 0 + 3).
3
Calculate 3 - (4 - (0 + 3 + -5)).
-3
Calculate (1 + -2 - (10 - 8)) + 1.
-2
Evaluate -2 + 1 + 0 + 3 + -1.
1
What is the value of -3 - 2 - (1 - -1)?
-7
What is (-9 - -14) + (-8 - -1)?
-2
Calculate 3 - (-2 - -4 - (2 - 1)).
2
What is the value of (1 - -11) + -19 + 0?
-7
Evaluate 5 - 0 - (0 + -2 + 4).
3
What is (-5 - -5) + (1 - -2) - 4?
-1
Evaluate 2 + (2 - 2 - 4).
-2
Evaluate (-14 + 2 - 6) + 9.
-9
9 + 1 + -5 - -3
8
Calculate -8 - (-12 + 0 - 4).
8
Evaluate 4 - -1 - 11 - -1.
-5
Calculate (3 - (19 - 15)) + (-7 - -1).
-7
What is the value of -9 - (-5 + (-3 - -3))?
-4
Calculate 2 - (1 - (0 - 0)).
1
What is -2 + (3 - (-4 + 2)) - -5?
8
-4 + (4 - 1) + 6 + -9
-4
What is the value of 9 + 2 + -6 - 10?
-5
Calculate -9 + -6 + 10 + 2 + -5.
-8
11 + -13 - (-2 - -4)
-4
What is the value of (9 + -14 - 0) + -3 + 10?
2
Calculate 4 + -6 + (5 - 2).
1
Calculate -8 + 6 + -3 - -10.
5
Evaluate -8 + (12 - (13 + (5 - 13))).
-1
What is 7 + 1 + 2 + -10 + 10?
10
Evaluate 15 + 14 + (13 - 33).
9
What is (10 - 24 - -3) + 5?
-6
Evaluate -3 + 10 - (1 - (0 + -4)).
2
(-25 - -23) + (1 - -3)
2
Evaluate 8 - 2 - (8 - -3 - 1).
-4
Evaluate -3 + -1 + (-3 - -1) + 2.
-4
Evaluate (1 - -4) + 2 + -12.
-5
Evaluate 2 - (2 + -5) - (10 - 6).
1
What is (2 - 10) + (11 - -1)?
4
Evaluate 4 - (1 + 0 + 2) - -4.
5
5 + -12 + 3 + -1 + 2
-3
What is the value of 0 - (1 - (0 + -1))?
-2
-2 + 2 + 0 + (-4 - -7)
3
Evaluate (199 - 208) + 0 + 1.
-8
What is 5 - (-4 + 6 + (2 - -1))?
0
Evaluate 3 - (3 + 3 + -1 + -1).
-1
What is the value of 4 - (1 + (-10 - -5))?
8
-44 + 54 - (7 - -1)
2
5 + 1 + -5 + 0 - 4
-3
-12 + 5 + -4 - (3 - 8)
-6
Calculate 12 + -8 + -8 + -1.
-5
Calculate 5 + 2 + (-4 - -1) + -1.
3
What is 2 + (-9 - -9) - 9?
-7
Evaluate (-10 - (-2 - 1)) + 3.
-4
What is the value of 8 - (3 + 6) - (1 - -4)?
-6
8 - -2 - (-10 + (13 - 0))
7
Evaluate (1 - 2) + 1 + 2 + -6.
-4
Evaluate -3 + -4 + 6 + (-4 - 1).
-6
What is (-1 - -2) + 8 + -15?
-6
What is the value of 2 - 3 - (11 - 4)?
-8
3 + -6 + 7 + -1 + 1
4
Calculate 15 + (8 - 1) + (-13 - -1).
10
What is the value of -13 + 24 - 20 - -12?
3
What is (4 - 7) + -4 - -5?
-2
-8 - (-9 - (6 - 14))
-7
Evaluate (3 + 4 - 4) + 0 + 2.
5
Evaluate -4 - (-1 + -3 - -3).
-3
What is 1 + (-2 - 2) - (7 - 14)?
4
20 + -5 + -15 - -11
11
What is the value of -4 - (-5 - (3 + 4 + -5))?
3
21 + (11 - 16) - 11
5
What is the value of 4 + 4 + (-5 - 6)?
-3
What is the value of (1 - 4) + (9 - 2)?
4
Calculate -6 + -5 - -3 - -3.
-5
5 - 9 - (1 + -8)
3
What is the value of (1 - -2) + (21 - 19)?
5
2 + (2 - 6) + (0 - 0)
-2
Calculate 5 + -1 + -2 + -7 + 10.
5
What is -6 + 3 + 3 + 2 - 4?
-2
Evaluate 4 + -4 + -4 + 0.
-4
What is -7 + 0 - (4 + -9)?
-2
What is 3 + -3 + 0 - 0?
0
Calculate 5 + (-12 - (10 - 18)).
1
Evaluate 3 - (3 - (1 + -4 + 4)).
1
What is the value of 1 - 3 - (-6 + 0) - 5?
-1
What is 6 - (8 - -8) - -4?
-6
Evaluate -4 + -4 - (3 - 5).
-6
What is the value of (7 + 9 - 11) + -9?
-4
What is 4 - ((4 - -2) + (-9 - -5))?
2
What is -2 - (-11 - -2 - -6)?
1
Calculate -2 + (-7 - -4 - -1) + 8.
4
6 - 16 - (2 - 12)
0
What is the value of -1 + -6 + -2 + 3 + 8?
2
Evaluate (-56 - -64 - (2 + -1)) + -16.
-9
Evaluate 14 - (14 - (-4 - 0)).
-4
What is the value of -1 - (-2 + 3) - -6?
4
What is 1 - 0 - (-18 - (-25 + 13))?
7
Calculate 7 - (-1 - -7 - -2).
-1
Evaluate -9 + (-3 - (-12 - -7)).
-7
What is the value of 8 + (-3 - -6 - -3) + -11?
3
Evaluate (-6 - -2) + (16 - (1 - -4)).
7
What is the value of (-3 - (-3 + 3 + 0)) + 4?
1
2 - ((-6 + 4 - -5) + 4)
-5
What is the value of 8 - (6 - (-4 - -2))?
0
Evaluate (-7 + 4 - 6) + 4.
-5
-4 + 9 + (0 - 10)
-5
What is (-2 - -2) + 5 - (-15 + 19)?
1
What is the value of 21 - 11 - (-2 - -7)?
5
What is 6 + 1 + -4 + 3 + -5?
1
What is the value of 0 + 2 - (1 - -5)?
-4
Evaluate 5 - (4 - -8) - -6.
-1
Calculate (-4 - (1 - -2)) + (-2 - -5).
-4
What is the value of 6 - 0 - (1 - -1)?
4
-17 + (5 - 2) + 8
-6
Evaluate 1 - -2 - (-7 + 6).
4
What is (0 + 4 - 3) + 2?
3
Calculate (0 + -7 - (7 - 8)) + 15.
9
Evaluate (6 - -2) + -42 + 36 - -4.
6
Calculate 2 + 0 + -2 + -2 + 0.
-2
Evaluate (0 - 2) + 0 + 2 + -4.
-4
Evaluate (-2 - 1 - -8) + -6.
-1
Calculate (-1 + (4 - -3) - 4) + 4.
6
What is the value of -2 - ((-6 - (1 - 0)) + 12)?
-7
-3 + 6 + -2 + 4 + -2
3
What is (7 - (1 - 0 - -1)) + 0?
5
16 + -2 + -6 - (0 - -4)
4
What is the value of (3 + -2 - 0) + 3?
4
Calculate -5 + 5 + (-7 - (6 - 14)).
1
What is the value of 9 + -6 + -9 - -5?
-1
What is -15 - -11 - (6 - -3 - 4)?
-9
What is 1 + 3 + 0 + -1 - 11?
-8
Evaluate (-2 - -6) + -3 + 1.
2
What is the value of (1 - 1) + -8 + -25 + 28?
-5
What is the value of 1 + -5 - -5 - (-1 - -2)?
0
Evaluate 6 + -5 - (1 + -1).
1
Calculate 9 - 6 - (0 - (0 + -4)).
-1
What is the value of (5 - 2 - -2) + -14 + 5?
-4
Calculate 5 - ((6 - -12) + -13).
0
Evaluate (-18 - (-13 - -2)) + 9.
2
Calculate -10 + -2 + 6 + 0 + 9.
3
Calculate 7 + -2 + (0 - 0).
5
What is -1 - 2 - (-8 - -9) - -2?
-2
What is the value of 4 + -6 + -3 - (-11 - -5)?
1
What is the value of 0 - (-2 + (-6 - 3) + 6)?
5
3 + 3 + (-5 - 3)
-2
Calculate -4 - (-2 - -1 - (-4 + 7)).
0
What is the value of 6 + -9 + 7 + -4?
0
What is 2 - (5 - -3 - (2 + 1))?
-3
-2 + 5 + -11 + 2 - -15
9
What is the value of (-3 - (-8 - -8)) + 1?
-2
Calculate 2 + (1 - 5 - (2 + -7)).
3
What is the value of 9 + 3 - 8 - 7?
-3
What is the value of -9 + -1 + 7 - -3 - -5?
5
Calculate 7 - (17 - (-1 - -5)) - -2.
-4
What is -9 + 8 - (1 - -5)?
-7
What is the value of -1 + -3 - (1 + (-7 - -6))?
-4
What is the value of 5 + (4 - 11 - -4)?
2
Evaluate 8 + (3 - (2 + 4)) + -2.
3
8 + -45 + 33 + -1 + -4
-9
What is (5 - 9) + (1 - 1)?
-4
What is the value of -244 + 250 + -1 + -1 + 3?
7
What is 2 + 1 - (-71 - -79)?
-5
What is 0 - 1 - (-41 - -45)?
-5
(-1 - 3) + (-7 - -10)
-1
-31 + 35 + -1 + 2
5
Eval